 - 3*j + 1, z*j = 3*n - 15. What is the remainder when (1/(-3))/(15/(-855)) is divided by n?
9
Let r be (-7 - -1) + (9 - 5). What is the remainder when 1*(-94)/(-3 - -1) is divided by r + -2 - -2*10?
15
Let b = -49 - -72. Suppose -4*r = -117 + 93. Calculate the remainder when b is divided by r.
5
Let m = -36 + 46. What is the remainder when 25 is divided by m?
5
Suppose -2 = 5*j - 4*w, -3*j = -6*w + 3*w. Let y be (1 + 1)/(j/(-7)). Suppose 0 = p - 2*p + y. Calculate the remainder when p is divided by 4.
3
Suppose -3*c - 3 = -3*q, -3*c - 3*q + q - 18 = 0. Suppose -5*n = -n - 28. Calculate the remainder when n is divided by (-46)/(-14) + c/14.
1
Let r(n) = n**3 - 5*n**2 + n + 1. Calculate the remainder when 28 is divided by r(5).
4
Let a = 30 + -20. Suppose 2*d = -3 + 59. What is the remainder when d is divided by a?
8
Let p be (1/(-1))/((-4)/8). Suppose -a - p*a + 15 = 0. Calculate the remainder when 7 is divided by a.
2
Let v be (-1 - 1)*20/(-8). Suppose -v*x + 96 = 2*s, 0*x - 2*x + 44 = -2*s. Suppose 2*u = -0*u + 22. What is the remainder when x is divided by u?
9
Let l be 1 - (-2 + 2 + -2). Suppose 2*z = -l*z + 30. What is the remainder when (-2)/(-8) - 43/(-4) is divided by z?
5
Suppose 4*r + r - z = 53, -2*z = -2*r + 26. Suppose 3*l + 3*m = -0*l + 15, 3*l - 1 = 4*m. What is the remainder when r is divided by l?
1
Let v = 13 + -2. What is the remainder when v is divided by 6?
5
Let r = 6 + -4. Suppose 2*u = 5*c + 29, -r*u + 6*u - 5*c - 53 = 0. Suppose -u = j - 61. Calculate the remainder when j is divided by 13.
10
Suppose 2*t + t - 27 = 0. Calculate the remainder when 17 is divided by t.
8
Calculate the remainder when 32 is divided by (-636)/(-54) - 10/(-45).
8
Suppose 3*o - 50 = -5*z, 3*o + o = -4*z + 48. What is the remainder when 11 is divided by z?
4
Let d(i) = -2*i + 13. What is the remainder when 6 is divided by d(5)?
0
Suppose 6*l - l = 70. What is the remainder when (0 + -3)*123/(-9) is divided by l?
13
Suppose 32*o = 44*o - 1212. Suppose 52 = 5*a - 3*a. Calculate the remainder when o is divided by a.
23
Let w be 6396/20 + 1/5. Suppose -5*n + 5*z = -w, -n - 2*z + 12 + 52 = 0. Calculate the remainder when n is divided by 22.
20
Let d(w) = w**3 + 10*w**2 - 5*w - 8. Calculate the remainder when d(-10) is divided by 15.
12
Let l(p) = p**3 + 10*p**2 - p - 10. Let z be l(-10). Suppose 4 = q - z*q. Suppose 0*d - 20 = -q*d. Calculate the remainder when 18 is divided by d.
3
Let b(q) = 2*q**3 - 2*q**2 + 2*q + 2. Let w be b(2). Suppose -4*y + 6 = -w. Suppose -22 = -3*a + y. What is the remainder when 26 is divided by a?
8
Let p be 2 - (1 + (0 - 3)). Suppose c + p*y - 50 = 0, -c - 1 = -4*y - 51. Let u = 36 + -19. Calculate the remainder when c is divided by u.
16
Let g be (-4 - -5)/(1/30). Let i = g + -11. Calculate the remainder when 55 is divided by i.
17
Calculate the remainder when 28 is divided by (-3)/((-27)/(-6))*-15.
8
Let t(i) = i**2 + 7*i - 5. What is the remainder when t(6) is divided by (19 - -1) + 3 + -4?
16
Let y(p) = p**3 + 9*p**2 + 5*p - 15. Calculate the remainder when y(-7) is divided by 10.
8
Let u(o) = -o**3 + 5*o + 1 + 0 + 6 + 4*o**2. Calculate the remainder when u(5) is divided by ((-222)/(-24) - 4) + (-1)/4.
2
Calculate the remainder when 6 is divided by (-10*3/12)/((-2)/4).
1
Suppose 0 = n + 3*n + 48. Let f be (21/(-9))/(1/n). Suppose 5*q - 107 = f. Calculate the remainder when q is divided by 14.
13
Suppose -2*n = -7*n + 65. Let x = -51 + 87. Calculate the remainder when x is divided by n.
10
Let m = 1 - -12. What is the remainder when 24 is divided by m?
11
Let d be ((-6)/(-15))/((-1)/(-10)). Suppose c = -q + 60, -d*q + 3*c = -2*q - 135. Calculate the remainder when q is divided by ((-5)/15)/(4/(-264)).
19
Let s be ((-18)/2)/(3/4). Suppose 0 = 3*i - 6, -z = -2*z - 5*i + 27. Let j = s + z. What is the remainder when j is divided by 2?
1
Let o(d) = 9*d**3 + 8*d**2 + 12*d - 4. Let c(q) = -4*q**3 - 4*q**2 - 6*q + 2. Let x(l) = 7*c(l) + 3*o(l). What is the remainder when 18 is divided by x(-3)?
7
Suppose 4*i + 3*b - 110 = 0, 7*i - 2*i + 3*b - 139 = 0. Suppose 3*h + 0*h + i = n, 5*h + 81 = 4*n. What is the remainder when n is divided by 8?
6
Suppose -s - 4*p - 20 = -2*s, -3*s + p + 38 = 0. Calculate the remainder when 32 is divided by s.
8
Let a(c) = -c**3 + 7*c**2 + 5. Suppose 2*x + 2*w = -2*x + 36, 9 = x - 5*w. Suppose 0 = -5*m + x + 21. What is the remainder when a(m) is divided by 14?
13
What is the remainder when 19 is divided by (((-4)/(-3))/2)/(14/147)?
5
Let b = -1 - -1. Suppose b*z = 2*z - 46. Calculate the remainder when z is divided by 8.
7
Suppose -4*r = t - 36, -t + 27 = 3*r + t. Calculate the remainder when 25 is divided by r.
7
Let u = 26 - 16. Let m(o) be the third derivative of -o**6/120 + 2*o**5/15 - 7*o**4/24 - o**3/3 + 3*o**2. Calculate the remainder when m(6) is divided by u.
8
Let o(h) = 17*h**2 + 3*h - 3. Let f = -9 + 9. Suppose f*r - 72 = -3*r. What is the remainder when o(2) is divided by r?
23
Let z = -34 - -19. Calculate the remainder when 38 is divided by ((-10)/z)/(4/78).
12
Let r(t) = 2*t**2 - 2*t - 8. Let q = 8 + -2. Let i be r(q). Let d = i + -12. What is the remainder when d is divided by 14?
12
Let r be 1*-1 - 24/1. Let g = r - -37. Suppose 0*n + 4*n = 84. What is the remainder when n is divided by g?
9
What is the remainder when (6/15)/(1/60) is divided by 10?
4
Let h = 132 - 131. Calculate the remainder when 6 is divided by h.
0
Suppose -2*u - u = -b - 220, 0 = -u - 5*b + 84. What is the remainder when u is divided by 26?
22
Suppose 16 = 2*v - 3*w, -5*v + v + 5*w = -32. Let f = 17 - v. Calculate the remainder when 34 is divided by f.
7
Let x(k) = 1 + 2*k**2 - 3*k + 3*k**2 - 3. Suppose 2*y + 4 = -0*y. Calculate the remainder when x(y) is divided by 9.
6
Let p be (-426)/(-4) - 10/20. Suppose 3*m + k = -m + 197, -2*k - p = -2*m. Let v(r) = r**2 + 5*r - 11. What is the remainder when m is divided by v(-8)?
11
Suppose 2*u = 0, -5*i - u - u = 940. Let s = 264 + i. Suppose -3*f = -38 - s. What is the remainder when f is divided by 13?
12
Let i(j) = j + 2. Let h = 15 - 11. Calculate the remainder when ((-22)/4)/((-2)/4) is divided by i(h).
5
Let k(u) = 3*u**2 + 4*u. What is the remainder when 115 is divided by k(3)?
37
Suppose 19 + 77 = 8*v. Calculate the remainder when 23 is divided by v.
11
Let y(w) = -5*w - 8. Calculate the remainder when 17 is divided by y(-3).
3
Suppose 0 = -4*y + 12 + 68. What is the remainder when 76 is divided by y?
16
Calculate the remainder when 7 is divided by ((-4)/(-7))/((-4)/(-14)).
1
Let i be ((-2)/1)/(-2) - -2. Suppose -2*k - i*p - 3 = -k, 5*p + 21 = -3*k. Calculate the remainder when 16 is divided by k/(-42) + 40/7.
4
Suppose -15 = 8*r - 3*r. Suppose -2*v + 2*g - 150 = 0, -g = -2 - 1. What is the remainder when 34 is divided by (1/2)/(r/v)?
10
Calculate the remainder when 3 is divided by (-3)/(-5) - (-2)/5.
0
Let l(f) be the first derivative of f**4/4 - 8*f**3/3 + 9*f**2/2 - 3*f + 6. What is the remainder when 42 is divided by l(7)?
9
Let m = -16 - -33. Let q(j) = j**3 - j**2 + 7*j - 8. Calculate the remainder when m is divided by q(2).
7
Let a = 9 + -2. Suppose 0 = 4*g - 45 - a. Calculate the remainder when g is divided by -5*(-1)/1 - 0.
3
Let b(y) = 12*y. Let c(l) = l. Let p(g) = -2*b(g) + 22*c(g). What is the remainder when p(-1) is divided by 2?
0
Let d = -24 + 47. Let k = 55 - -13. What is the remainder when k is divided by d?
22
Let s(z) = 8*z - 4. Calculate the remainder when s(5) is divided by 13.
10
Let l = 0 + 4. Suppose 0*u - 3*y + 15 = 5*u, -5*u + 15 = 4*y. Suppose l*v = 3*d - 76, d - 34 = -0*d - u*v. Calculate the remainder when d is divided by 10.
8
Let m be ((-3)/(-2))/((-15)/(-90)). Suppose 0 = -10*x + m*x + 15. Calculate the remainder when 57 is divided by x.
12
Let x = 109 - 59. Suppose -l + 3*l = 5*v - 83, -x = -2*v + 5*l. Calculate the remainder when v is divided by 9.
6
Suppose 0 = -0*p - 4*p. Suppose p = -f + 6*f - 60. Let i = f - 4. Calculate the remainder when 22 is divided by i.
6
Suppose 21*h + 57 = 24*h. What is the remainder when 75 is divided by h?
18
Let i be (14 - 6)/(1 + 1). Let k be (-25)/4 - (-1)/i. What is the remainder when k/(-3*(-2)/(-16)) is divided by 9?
7
Let d(i) = -3*i - 5. Let u be d(-3). Suppose 0*z - 2*z = u*x - 